 + 7*f - 270. Suppose f = 3*k - 4*o, 2*k + 2*o - 22 = -0*k. What are the prime factors of k?
2, 7
Suppose -3*z + 113 = -13. Suppose -l = 2*f - z, -l + 3*f = -2*l + 46. What are the prime factors of l?
2, 17
Let s(x) = -20*x. Let o be (-20)/28 - (-2)/(-7). List the prime factors of s(o).
2, 5
Suppose w + 8 = -2*x, 0 = 6*w - 2*w - 5*x - 7. Let j be (9/(-3) - w)*-2. Let g(f) = 7*f + 1. List the prime factors of g(j).
3, 5
Let c be (-22)/4 + 1/2. Let h(f) = -f. List the prime factors of h(c).
5
Let b(a) = a**2 + 5*a - 7. List the prime factors of b(5).
43
Suppose 0*g + 5*g = -3*j + 690, -4*g + 693 = 3*j. List the prime factors of j.
5, 47
Suppose 4*u - k = 230, 0 = -3*u + k + 109 + 64. List the prime factors of u.
3, 19
Let a be (4/(-10))/((-7)/630). Suppose 4*p + 3*k - 48 = 0, 3*p - 6*p = -5*k - a. List the prime factors of p.
2, 3
Let n be 0/(2*(-2)/4). Suppose 0 = -2*a + 4*p, n*a = a + p - 12. What are the prime factors of a?
2
Let v(x) = x**3 - x + 4*x**2 + x**2 + 0*x**2 + 2 + 0*x**3. What are the prime factors of v(-5)?
7
List the prime factors of 2/(-13) - ((-7389)/(-39))/(-3).
3, 7
Let y(v) = -10*v - 1. Suppose -5*l + 4 = -11. Suppose -13 = -2*u + 4*u + 3*g, 4*u = -l*g - 17. What are the prime factors of y(u)?
19
Let v = -12 + 24. Let b(x) = -2*x**2 + v + 8*x + 3*x**2 + 0*x**2. What are the prime factors of b(-8)?
2, 3
Let k be ((-44)/(-6))/(1/(-3)). Let q = k + 52. List the prime factors of q.
2, 3, 5
Let h = 2 + -3. Let f(x) be the second derivative of -x**5/10 + x**4/6 + x**3/3 + x**2/2 - 2*x. What are the prime factors of f(h)?
3
Suppose 2*u + 276 = 5*u. List the prime factors of u.
2, 23
Let y(j) = 4*j**2 - j + 1. Let u be y(1). Suppose 2*d - 2*f - 38 = 2*f, 8 = u*f. List the prime factors of d.
23
Let k = 18 - -13. Suppose 5*j = -3*v + k, -j = j + 2. What are the prime factors of v?
2, 3
Let s(t) = t**3 - 9*t**2 - 8*t + 1. Let d(w) = -2*w**3 + 3*w**2 - w - 2. Let y be d(2). Let i = 18 + y. List the prime factors of s(i).
3, 7
Let w(u) = 3*u**3 + 2*u**2 - u. Let c be w(1). Suppose 3*m + 68 = 6*m - 4*j, 2*j - 98 = -c*m. Suppose -q + 3*q = m. List the prime factors of q.
2, 3
Let y(v) = v**2 + 2*v + 4. What are the prime factors of y(-5)?
19
Suppose -2*k + 8*y - 5*y = -440, 0 = -5*y + 20. List the prime factors of k.
2, 113
Suppose 18*c + 925 - 3247 = 0. What are the prime factors of c?
3, 43
What are the prime factors of -1 - -1 - 14*-3?
2, 3, 7
Suppose 0 = -4*t + 2*t - 4, 0 = -3*c - 2*t + 17. Let d(h) = -h**2 + 7*h + 6. Let i be d(c). What are the prime factors of (-1)/(-2) + 33/i?
2, 3
Suppose j = 6*j + 610. Let h be 1/4 - j/(-8). What are the prime factors of 3/h - 46/(-5)?
3
Suppose -5*m + 22 + 18 = -5*o, 0 = 5*o - 3*m + 38. Let w = -10 + -3. Let d = o - w. List the prime factors of d.
2, 3
Suppose 78 = 5*m - 612. List the prime factors of m.
2, 3, 23
Let g(v) = v**2 - 18*v - 46. Let x be g(21). Suppose 0 = -h - 4*h - 45. Let q = h + x. What are the prime factors of q?
2
Let l(q) = q**2 - 7*q - 5. Let i be l(-6). Suppose u - 3*j = -11, -4*u + 7*u + i = j. Let b = -18 - u. List the prime factors of b.
2
Let r(s) = 19*s - 1. List the prime factors of r(1).
2, 3
Let b = 4 - 10. Let r = -4 - b. List the prime factors of (-81)/(-6) + (-1)/r.
13
Let q(x) = -23*x**3 - x**2 - 2*x - 1. Let f be q(-1). Let a = 11 + f. What are the prime factors of a?
2, 17
Let g(m) = m**3 - 12*m**2 + 2*m + 13. List the prime factors of g(12).
37
Let t = 20 - 10. Suppose t = o - 1. List the prime factors of o.
11
Let q = 5 + -3. Suppose 3*h = q*u + 17, -4*u - u - 5 = 5*h. Suppose h*d = 2*d + 8. What are the prime factors of d?
2
Let x be 1/(((-2)/10)/1). What are the prime factors of (1 + (-2)/1)*x?
5
Suppose -j = 2*j - 3*n - 18, 3*n = j - 10. Suppose 0 = -4*i + 4*k + 108, 0*i + 132 = j*i + 2*k. What are the prime factors of i?
31
Suppose 3*x = -2*n - 0*n + 24, 4*n - 4*x - 28 = 0. Suppose -5*m = -3*c - 3 + n, m + 6 = -c. List the prime factors of 4 + 2 + 1 + c.
2
Suppose -9 = -2*v + 9. Suppose -q = 2*b, 0*q - 4*q = -b + v. What are the prime factors of 2/(-3)*(-6)/b?
2
Let l = 20 - 11. Suppose -l = x + 9. Let s = x + 25. List the prime factors of s.
7
Let q be (-30)/(-3 + 1 - 0). Suppose l - i = q, 2*l + 4*i + 0*i = 6. Suppose 3*k - 7 = l. What are the prime factors of k?
2, 3
Suppose -5*b - 3*g + g - 8 = 0, -g = -2*b + 4. Suppose p + 3*p = -3*i + 55, 4*i + 12 = b. List the prime factors of p.
2
Suppose 3*a - 4*a + 6 = 0. What are the prime factors of 24/2*3/a?
2, 3
Suppose 2*t = 4*t - 54. Suppose -t - 17 = -4*m. Let d = m - 8. List the prime factors of d.
3
Let v(k) = k - 3. Let r be v(2). Let h = -1 - r. Suppose h = g - 4 - 4. What are the prime factors of g?
2
Suppose -67 = -2*u + 4*d + 93, -u + 4*d = -88. What are the prime factors of u?
2, 3
Let j(k) = -7*k**3 + 2*k**2 + 2*k + 1. Let r = 9 + -5. Let m be ((-2)/r)/((-1)/(-2)). What are the prime factors of j(m)?
2
Suppose 2*y - 66 = 4*j, -2*y + j = -3*y + 24. List the prime factors of y.
3
Let o be (-17)/(-3 - -2) - -1. Suppose s - 5*a - 7 = 13, -3*a = 9. Suppose 2*x = s*x - o. What are the prime factors of x?
2, 3
Let h(y) = y**3 + 6*y**2 + 3*y - 4. Let s be h(-4). Let v = -11 + 20. Let j = s - v. What are the prime factors of j?
7
Suppose -4*s + 117 = -s. What are the prime factors of s?
3, 13
Let o(q) = q**2 - 12*q - 9. List the prime factors of o(-7).
2, 31
Suppose 0 = b + 3*p - 0 - 6, -p = 0. What are the prime factors of b?
2, 3
Let w be (1/(-2))/((-2)/8). Let n be ((-8)/(-4))/(w/(-3)). List the prime factors of 96/(-20)*10/n.
2
Let t(l) = -6*l - 2. Let y be t(-2). What are the prime factors of (17 + 1)*y/15?
2, 3
Suppose 3*b - 2*b = -11. Let u = 28 + b. What are the prime factors of u?
17
Let j(p) = 5*p**3 - 4*p**2 + 3*p - 1. Let i be j(2). Let b(c) = -3*c + 10. Let d be b(-10). Let y = d - i. List the prime factors of y.
11
Suppose -2*p - 10 = -n - 1, -p + 23 = 5*n. Suppose 5 = 2*w + w - b, -5 = -n*w + 5*b. List the prime factors of w.
2
Let u = 10 - 6. What are the prime factors of ((-2)/3)/(u/(-24))?
2
Let c(w) = -w**3 - 8*w**2 - 8*w - 3. Suppose 0*r = -2*r + 4*i - 22, 2*i - 25 = 3*r. Let p be c(r). Suppose -p*b + 26 = -2. List the prime factors of b.
7
Let q = -1 - -1. Suppose 4*t - 75 + 23 = q. List the prime factors of t.
13
Let f(k) = -k**3 + 16*k**2 - 15*k - 2. Let s be f(15). Let c(v) = -7*v + 1. What are the prime factors of c(s)?
3, 5
Suppose -i - 484 = -5*i. What are the prime factors of i?
11
Suppose -720 = 3*x - 7*x. List the prime factors of x.
2, 3, 5
Suppose -1 = y, -4*n + y + 31 = -270. List the prime factors of n.
3, 5
Let l be (-40)/(-12) + 2/(-6). Suppose q = 5, -2*a - q = -4*a + l. Suppose c = 4*b - a - 61, -3*b + c + 50 = 0. List the prime factors of b.
3, 5
Suppose 3*t = -4*k + 308, 2*t + 2*k = -0*k + 208. List the prime factors of t.
2, 3
Let t be -3 + 9 + -1 - -1. Suppose -r = -t*r + 4*m + 110, -r = -m - 22. List the prime factors of r.
2, 11
Suppose 4*g - 2*i - 260 = 0, -3*g = -7*i + 2*i - 188. List the prime factors of g.
2, 3, 11
Let m = 31 + -12. List the prime factors of m.
19
Let a = -150 + 264. List the prime factors of a.
2, 3, 19
Suppose -4*t = -t - 12. List the prime factors of t.
2
Let o(m) = -2*m**3 + 2*m - 1. Let r = 2 - 0. Let n = 0 - r. List the prime factors of o(n).
11
Let u = -64 + 145. List the prime factors of (-1)/(2 - 165/u).
3
Suppose 0 = 2*z + 4 - 18. Suppose -2 + 11 = 3*h. Suppose 2*o + 3*a + h = -3, -3*o - 4*a = z. What are the prime factors of o?
3
Suppose -215 = t - 6*t. List the prime factors of t.
43
Let h(b) = b**3 - 5*b**2 + 6*b. Suppose 0 = 4*i - 23 + 7. Suppose 7*w - 3*w - 4*u = -4, 0 = i*w + 4*u - 36. What are the prime factors of h(w)?
2
Let m = 11 - 8. Suppose 0 = m*k + 2*k. Suppose k = -4*x + 12 + 36. List the prime factors of x.
2, 3
Suppose -6*p = 3*r - p - 10, -3*r + 5*p + 20 = 0. Suppose -q = -r*q + 28. List the prime factors of q.
7
Suppose -4*v = -2*v. Let t = v - -5. Let m = t - -2. What are the prime factors of m?
7
Suppose 2*c + 2*j = 10, 0 = 3*c - 0*j - j - 3. Suppose t - 8 = -w + c, 5*t - 3*w - 10 = 0. List the prime factors of t.
5
Let p(t) = -t**2 + 17*t + 12. What are the prime factors of p(13)?
2
Let x(p) = -p**3 - 5*p**2 + 9*p + 2. Let g be x(-6). Let o = g + 28. What are the prime factors of o?
2, 3
Let w(a) = 2*a*